43 and 114575.
4583
Calculate the greatest common divisor of 66411448 and 592.
296
Calculate the highest common divisor of 995241 and 1509339.
6591
Calculate the greatest common divisor of 59 and 15826278.
59
Calculate the greatest common divisor of 1761875 and 325.
25
What is the highest common factor of 303024 and 3776?
944
What is the highest common factor of 105 and 124440456?
21
What is the greatest common divisor of 13489 and 236?
1
What is the greatest common factor of 83290 and 2360?
10
What is the greatest common divisor of 455994 and 5867433?
4653
Calculate the greatest common factor of 16486331 and 164933.
2323
What is the greatest common factor of 193465180 and 49080?
8180
What is the greatest common divisor of 292 and 18978540?
292
Calculate the greatest common factor of 25774 and 1287034.
98
Calculate the greatest common factor of 236 and 9634228.
236
What is the highest common divisor of 674352 and 1274445?
2007
What is the highest common factor of 138408 and 62634?
438
Calculate the greatest common factor of 5489208 and 326592.
648
What is the greatest common divisor of 1675952 and 418?
38
Calculate the greatest common divisor of 62502723 and 126.
9
Calculate the highest common divisor of 8547 and 37257927.
777
Calculate the highest common divisor of 241065 and 41019.
33
What is the greatest common divisor of 32 and 1712528?
16
What is the highest common divisor of 25237840 and 150?
10
Calculate the highest common factor of 795 and 73336047.
159
Calculate the greatest common divisor of 2159069481 and 9.
9
What is the highest common divisor of 98 and 48198654?
98
Calculate the highest common factor of 59202 and 153504.
234
Calculate the highest common factor of 734 and 215213938.
734
What is the highest common factor of 107725664 and 10112?
2528
Calculate the highest common divisor of 6472710 and 2562.
366
What is the greatest common factor of 166 and 10898730?
166
Calculate the highest common factor of 1038812 and 8732.
148
Calculate the highest common divisor of 168 and 183263752.
56
Calculate the highest common factor of 141057 and 229236.
21
What is the greatest common divisor of 3352 and 6265032?
8
Calculate the greatest common divisor of 59 and 981616217.
59
Calculate the greatest common divisor of 8245 and 216740.
5
What is the highest common divisor of 848243 and 5192?
649
Calculate the highest common factor of 74371383 and 17568.
549
What is the highest common divisor of 3413674 and 594?
22
What is the highest common factor of 6312 and 56017422?
1578
Calculate the greatest common divisor of 3859131 and 177.
177
Calculate the highest common factor of 2042626 and 16102.
194
What is the greatest common divisor of 4158 and 7227?
99
Calculate the greatest common factor of 17565 and 462616431.
3513
What is the greatest common divisor of 9445943 and 26?
13
Calculate the greatest common divisor of 2768 and 1160624.
16
What is the greatest common factor of 628 and 23757868?
628
What is the greatest common divisor of 7220 and 7960?
20
What is the greatest common divisor of 3840 and 4661040?
240
Calculate the highest common factor of 1494938 and 1462.
86
What is the highest common divisor of 1296 and 801252?
324
What is the greatest common divisor of 1365 and 26696397?
273
What is the greatest common divisor of 445816 and 32984?
1064
What is the greatest common factor of 176706 and 9090?
18
What is the greatest common divisor of 50 and 2897630?
10
Calculate the highest common factor of 27455302 and 126.
14
Calculate the highest common divisor of 11701952 and 7504.
1072
Calculate the highest common divisor of 760 and 364522980.
380
Calculate the highest common factor of 29457 and 639.
9
What is the highest common divisor of 125242 and 35486839?
4817
What is the highest common factor of 426 and 17046168?
6
Calculate the highest common divisor of 1919500 and 41800.
1100
Calculate the greatest common factor of 726 and 5240631.
363
What is the greatest common factor of 1235152 and 16796?
1292
What is the greatest common divisor of 1391 and 36169531?
107
Calculate the greatest common divisor of 1792 and 2353344.
448
What is the greatest common divisor of 90867 and 73857?
21
Calculate the highest common factor of 6180 and 1185180.
60
Calculate the highest common factor of 119 and 44796683.
17
Calculate the highest common divisor of 7116 and 141264460.
2372
What is the greatest common factor of 19198638 and 1566?
522
Calculate the highest common factor of 30345 and 5876220.
1785
Calculate the highest common factor of 455051 and 22261.
113
What is the greatest common divisor of 35266055 and 1207?
71
Calculate the greatest common divisor of 19 and 17824033.
19
Calculate the greatest common divisor of 40795 and 156210.
205
What is the greatest common divisor of 46125289 and 14?
7
What is the highest common divisor of 501260158 and 14?
14
What is the greatest common factor of 85135 and 35485?
5
Calculate the highest common divisor of 711 and 534429.
9
Calculate the greatest common divisor of 155364 and 5029244.
484
What is the greatest common divisor of 566586 and 26082?
18
Calculate the highest common divisor of 312 and 1690312.
104
What is the highest common factor of 15594 and 1247106?
138
What is the highest common factor of 3556 and 43876?
28
What is the greatest common divisor of 8203059 and 81?
27
Calculate the highest common divisor of 215990908 and 140.
28
What is the greatest common factor of 41901110 and 1270?
1270
What is the highest common divisor of 270890865 and 465?
465
What is the highest common divisor of 12440 and 778744?
2488
What is the greatest common divisor of 60189990 and 210?
210
What is the highest common divisor of 2168 and 115576?
8
Calculate the highest common factor of 4276 and 1231280614.
2138
What is the highest common factor of 5639336 and 29388?
316
What is the greatest common divisor of 843318 and 3416922?
1746
Calculate the highest common divisor of 308 and 28624.
4
Calculate the greatest common divisor of 2057451 and 11.
11
Calculate the highest common divisor of 264 and 41106168.
24
Calculate the greatest common factor of 1065742 and 161702.
466
What is the highest common divisor of 3982889 and 58?
29
What is the greatest common factor of 292936 and 2968?
56
What is the highest common factor of 140 and 21968?
4
What is the highest common factor of 1496 and 23152?
8
What is the highest common divisor of 295921 and 141989?
1327
Calculate the greatest common divisor of 9412 and 2762060.
724
What is the highest common divisor of 94857237 and 1701?
243
Calculate the greatest common factor of 764 and 1200817.
191
What is the highest common factor of 79581885 and 530?
265
What is the greatest common divisor of 4532 and 262522898?
2266
What is the greatest common factor of 252 and 43372084?
28
What is the highest common factor of 164 and 176870925?
41
What is the greatest common divisor of 220242 and 7417938?
4686
Calculate the highest common divisor of 135 and 366571305.
135
Calculate the greatest common divisor of 47 and 233585347.
47
What is the highest common divisor of 1413 and 257009?
157
What is the greatest common factor of 1151867 and 83731?
2263
What is the highest common factor of 683 and 1652080697?
683
What is the greatest common factor of 1569313598 and 1334?
1334
What is the greatest common divisor of 3255 and 10049095?
35
What is the highest common divisor of 613074 and 3938?
22
What is the greatest common factor of 203909910 and 10?
10
What is the highest common divisor of 399387 and 109285?
1987
Calculate the highest common factor of 10 and 56807852.
2
What is the greatest common divisor of 34 and 383781817?
17
Calculate the greatest common divisor of 25728 and 120399.
201
Calculate the highest common divisor of 3712 and 35008.
64
What is the greatest common factor of 348650 and 5130?
190
Calculate the greatest common factor of 484 and 15091527.
11
Calculate the highest common divisor of 11562 and 130708.
82
What is the greatest common factor of 4430 and 5465734?
886
Calculate the highest common divisor of 29624 and 10441816.
1288
What is the greatest common factor of 196 and 15763398?
98
Calculate the highest common factor of 7060768 and 704.
352
Calculate the greatest common divisor of 7